est common factor of i and r.
12
Let w(r) = 3*r**2. Let f be w(1). Suppose -i = -f*i. Let h be (i - 11)*52/(-4). Calculate the highest common divisor of h and 13.
13
Suppose -3*f + 26 + 25 = 0. Suppose -9 = v - 3*m, -2*v - f = -5*m - 4. Let l be (2/5)/(v/180). Calculate the highest common divisor of 3 and l.
3
Let r = -1 - -61. Suppose 2 = -2*m - 8, 0 = c - 4*m - 26. Suppose 0 = -3*n - 4*t + 9 + 19, -c = 3*t. What is the greatest common factor of r and n?
12
Let r(m) = -m**2 - 5*m + 2. Let b be r(-4). Let h be (-5*12/14)/((-2)/14). What is the highest common factor of h and b?
6
Let d = 415 + -294. Suppose c = -2, -2*r - 2*c = -0*r. Suppose 5*o - 53 - r = 0. Calculate the greatest common divisor of d and o.
11
Suppose -1 = 4*b - 5*b. Let m be 3/b + (-26)/(-2). Calculate the highest common divisor of 24 and m.
8
Let a(u) = -3*u**3 + u**2 - u - 4. Let l be a(-2). Calculate the highest common divisor of l and 26.
26
Suppose -3*n - j + 2*j = -251, -5*n + 423 = 3*j. Calculate the greatest common divisor of n and 12.
12
Let v = -1 + 1. Suppose v*j = -j. Suppose -11 - 9 = -4*s, -4*x + 3*s + 21 = j. Calculate the greatest common divisor of x and 9.
9
Suppose -23 = -4*y - 5*k, 17 = 2*y + 2*y + 3*k. Suppose 2*f = -4 - 4. Let p be (-56)/(-10) + f/(-10). What is the highest common factor of y and p?
2
Let m(c) = 2*c - c**3 - 4 - 6*c + 0*c**2 - 3*c**2. Let q be m(-3). Calculate the greatest common divisor of 2 and q.
2
Let q = 8 - 2. What is the greatest common divisor of q and 15?
3
Let d(x) = -x**2 + 6*x - 3. Let g be d(5). Let s = 26 - -22. Suppose -g*l + s = 2*l. What is the greatest common divisor of 24 and l?
12
Let q(p) = -p - 2 - 3*p**2 - p**2 + 7*p**2. Let i = -4 + 2. Let u be q(i). What is the greatest common factor of 6 and u?
6
Suppose 4*d + 3*z = 395, 4*z = 4*d + 33 - 393. Suppose 0 = -3*h + 37 + d. Let f = -17 + h. What is the greatest common factor of 3 and f?
3
Let m be ((-14)/(-4) + 0)/(12/72). Let s(d) = 7*d**2 - 3*d - 3. Let l be s(6). What is the highest common factor of l and m?
21
Let l(j) = 34*j - 7. Let k be l(3). What is the highest common divisor of k and 19?
19
Let u = 104 - 56. What is the greatest common divisor of u and 36?
12
Let i(u) = u**3 + 11*u**2 - 6*u - 8. Let j be i(-8). Let r = j + -72. Calculate the greatest common divisor of 20 and r.
20
Suppose -1 - 24 = -5*z. Suppose z = -y, -4*t - 2*y = -y - 3. Suppose -38 = -4*x - t*n - 0*n, -n = -2*x + 21. What is the highest common divisor of 10 and x?
10
Let r = 4 + -2. Calculate the highest common factor of 5 and r.
1
Let n be 0/4 + -4 - -6. Suppose v - 2 = 12. Let z = v - 10. What is the highest common divisor of z and n?
2
Let j be -1 + (171 + 0)/(-3). Let t = j - -83. What is the greatest common factor of 10 and t?
5
Suppose d + 0*t = -t + 5, -2*t = d - 5. Let m be 5*-1*(-39)/d. Suppose -35 - 30 = -5*w. Calculate the highest common divisor of w and m.
13
Suppose q - 4 = -6, f = -2*q + 26. Calculate the greatest common divisor of 10 and f.
10
Suppose 0 = 5*t - 9 - 1. Suppose -3*s + t*x = -11, -2*s = -7*s - 2*x + 29. Let u = s - 3. What is the greatest common divisor of 22 and u?
2
Let t = -32 + 41. Calculate the greatest common divisor of t and 3.
3
Let i = 12 - 1. Calculate the greatest common factor of 11 and i.
11
Let n(g) = -g. Let y be n(-4). Suppose 594 = y*q - q. Suppose -q = -2*i - 2*v, i + 4*i + 4*v = 496. Calculate the greatest common factor of i and 20.
20
Let z = -8 + 10. Suppose 236 = 4*g + 4*l, l + z = 1. What is the highest common divisor of g and 12?
12
Suppose -11*o = -7*o - 64. Calculate the highest common factor of 176 and o.
16
Let i be 300/(-9)*(-12)/10. What is the greatest common factor of i and 16?
8
Suppose 0 = -5*g + g, 0 = -2*p - 4*g + 300. Suppose -x - x - p = -5*r, -4*r - 5*x = -153. Calculate the greatest common factor of 48 and r.
16
Let n(x) = x**2 - 2*x - 2. Let m be n(3). Let d be 2/(-6)*m*-9. Let w(o) = o + 5. Let k be w(-4). Calculate the highest common divisor of k and d.
1
Let f be ((-510)/18)/((-3)/9). Calculate the highest common factor of 17 and f.
17
Suppose -71 = -4*i - 11. Calculate the highest common divisor of i and 6.
3
Let t(v) = v**3 + 7*v**2 + 4*v - 2. Let z be t(-6). Calculate the greatest common divisor of 10 and z.
10
Suppose -5*v + 58 + 42 = 0. What is the greatest common divisor of 10 and v?
10
Suppose 0 = s + 3*s - 128. Let n = 215 - -81. Let z be (-6)/27 + n/36. Calculate the greatest common factor of s and z.
8
Let y(h) = -2*h - 2. Let z be y(-7). Let f = 6 - 7. Let u be 7 + -9 - (f - z). Calculate the greatest common divisor of 22 and u.
11
Suppose 97 = p + 95. Let l = -3 - -5. Calculate the highest common divisor of p and l.
2
Suppose 2*s - 2*a = 2*a + 184, s - a = 88. What is the highest common factor of 12 and s?
12
Let t(m) = -m**2 + 11*m - 7. Let g be t(7). Let l be 7/(g/24) + -3. Let q = l - -9. Calculate the greatest common divisor of q and 2.
2
Suppose u = b - 18, 4*b - b = 4*u + 56. Calculate the highest common divisor of b and 176.
16
Let f be 4 - (8 + -3 - 3). Calculate the highest common factor of f and 4.
2
Let l(n) = -3*n**3 + 25*n**2 - 10*n + 19. Let b be l(8). What is the highest common divisor of 15 and b?
3
Let m(g) = g**3 + 11*g**2 - 30*g - 16. Let j be m(-13). What is the greatest common factor of j and 9?
9
Let f be (-80)/(-60)*6/4. Calculate the greatest common divisor of 16 and f.
2
Let z = 8 + -3. Suppose z*p - 3*l + 3 - 42 = 0, 4*p + l = 21. What is the highest common divisor of p and 6?
6
Let g be -1 + (1 - -1*4). Let q be (-8)/(-6)*(g - -50). Calculate the greatest common factor of 18 and q.
18
Let i(t) = t + 1. Let s(r) = -7*r + 5. Let f(y) = 6*i(y) + s(y). Let o be f(8). Suppose -x = o*x - 36. What is the greatest common factor of 63 and x?
9
Let q = 113 + -62. What is the highest common factor of q and 68?
17
Let z(d) be the second derivative of d**4/3 - d**2/2 + d. Let k be z(-2). Suppose -37*i + 542 - 172 = 0. What is the highest common factor of k and i?
5
Let f = 23 + -14. Calculate the greatest common divisor of f and 3.
3
Let y(n) = 47*n. Let z(r) = r**3 - 3*r**2 + 3*r - 3. Let a be z(2). Let h be y(a). Let i = -23 - h. Calculate the highest common divisor of i and 6.
6
Suppose -4*n = 8 + 56. Let x be (-20)/n*8/2. Suppose -5*g + 4 - 124 = -x*c, -116 = -5*c + 4*g. What is the greatest common divisor of c and 50?
10
Let j be 4 + 1 - 1/(-1). Let m be (-296)/(-10) - (-18)/45. Calculate the highest common factor of j and m.
6
Let v = -29 - -70. Calculate the highest common factor of 369 and v.
41
Suppose -5*h = y + 9, 0*y + 4*y - 5*h - 64 = 0. Let j = 20 - y. Suppose 312 = 3*z + z + 3*x, -4*z + x = -328. Calculate the highest common factor of z and j.
9
Suppose i = -i. Let t be (-1 + (i - 0))*-8. What is the highest common divisor of 2 and t?
2
Let k be 0/(-1) + 2 + 8. Let r be (k + 2)/(-3)*1. Let n = r + 5. Calculate the highest common factor of 1 and n.
1
Suppose -y + 2*y + 3 = 0. Let u be (-3)/y + (-10)/2. Let s(l) = l**2 + l - 2. Let o be s(u). Calculate the greatest common factor of o and 10.
10
Let r be 1 - (-1 + -2 + 3). Let t be -2*1*(-1)/2. Calculate the greatest common factor of t and r.
1
Let c be 0 + -4 + 2 + 0. Let o(l) = 5*l**2 - l - 2. Let u be o(c). Calculate the highest common divisor of 20 and u.
20
Suppose 5*q + l - 190 = -l, 3*l = 3*q - 93. What is the greatest common divisor of 54 and q?
18
Let v = 65 + -11. What is the highest common divisor of v and 72?
18
Suppose -2 = -r - 0*r + 2*i, 22 = 3*r + 2*i. Let u = 10 + 2. Calculate the highest common factor of u and r.
6
Let o be (-6)/(-16) + 333/8. What is the highest common divisor of o and 378?
42
Let n be (-6)/(-2) + 1/1. Suppose k + 62 = 4*c, 65 - 9 = n*c + 2*k. What is the greatest common divisor of c and 75?
15
Let d = -21 - -34. Calculate the greatest common factor of d and 104.
13
Suppose 3*j + 2*j - 10 = 0. Suppose -j*p - 130 + 328 = 0. What is the greatest common divisor of p and 9?
9
Suppose -b - 2*b = -12. Calculate the greatest common factor of b and 12.
4
Let h(m) = -m**2 + 14*m + 30. Let k be h(8). Calculate the highest common factor of 6 and k.
6
Let x(k) = 3*k**3 - 2*k**2 + k + 2. Let z be 10 + -8 - 0/(-2). Let p be x(z). What is the highest common factor of p and 30?
10
Let l = 13 - 11. What is